53. Determine r(60).
133
Let f(m) = 113*m - 1601. Give f(15).
94
Let g(n) = n**3 + 12*n**2 - 43*n - 394. Determine g(-13).
-4
Let f(l) = -l**2 + 37*l - 99. Give f(41).
-263
Let f(q) = 3189*q + 28739. What is f(-9)?
38
Let h(s) = s**3 - 117*s**2 + 3180*s + 163. Determine h(74).
15
Let c(a) = -a**3 + a**2 - 72*a - 239. Give c(0).
-239
Let n(t) = 2*t**3 + 14*t**2 + 24*t - 50. Calculate n(-5).
-70
Let i(g) = 2*g**3 + 4*g**2 - 14*g + 22. What is i(3)?
70
Let x(p) = 94*p**2 + 7*p + 5. What is x(-2)?
367
Let b(r) = r**3 - 5*r**2 - 23*r + 116. What is b(4)?
8
Let k(o) = -o**3 + 62*o**2 + 337*o - 129. What is k(67)?
5
Let k(u) = -u**3 + 83*u**2 - 168*u + 478. Give k(81).
-8
Let u(m) = -379*m + 1510. What is u(4)?
-6
Let z(g) = -30*g + 630. Calculate z(21).
0
Let r(v) = v**2 - 1048*v + 4192. Calculate r(4).
16
Let d(u) = 3*u**2 + 4*u + 16. Give d(5).
111
Let l(q) = -2*q**2 + 85*q. Calculate l(43).
-43
Let z(g) = 15*g**2 - 63*g - 150. What is z(6)?
12
Let p(w) = w**3 - 38*w**2 - 50*w + 423. Calculate p(39).
-6
Let f(m) = 139*m + 855. Determine f(-8).
-257
Let o(s) = 9*s**2 - 107*s - 608. Calculate o(16).
-16
Let z(h) = h**2 + 91*h + 909. What is z(-12)?
-39
Let q(h) = 268*h**3 - 3*h**2 + 6*h + 7. Give q(-1).
-270
Let r(a) = -5*a + 110. Give r(4).
90
Let l(o) = -7*o**2 + 685*o + 90. Calculate l(98).
-8
Let r(i) = -i**2 + 3*i + 1. Give r(15).
-179
Let i(o) = -29*o - 241. What is i(-12)?
107
Let q(z) = z**3 - 11*z**2 - 200*z + 1495. Calculate q(7).
-101
Let g(a) = a**2 + 5*a - 1706. Calculate g(39).
10
Let w(f) = -11*f**2 - 124*f + 407. Give w(-14).
-13
Let y(u) = 2*u**3 - 29*u**2 + 8*u - 31. Calculate y(14).
-115
Let j(y) = -y**3 + 35*y**2 - 150*y. Calculate j(30).
0
Let h(r) = -r**2 + 8*r - 30. Determine h(3).
-15
Let w(v) = 2*v**3 - 4*v**2 - 19*v + 71. Determine w(3).
32
Let l(q) = q**3 + 6*q**2 - 10*q + 60. Give l(-7).
81
Let t(m) = 63*m + 267. What is t(-5)?
-48
Let t(y) = 32*y**3 + 31*y**2 - 6*y - 3. What is t(-1)?
2
Let b(o) = 2*o**2 + 90*o + 954. Calculate b(-28).
2
Let a(u) = -u**2 - 79*u + 3842. Give a(-113).
0
Let r(b) = 30*b**3 - b**2 + 3*b + 3. Determine r(-1).
-31
Let a(f) = -2*f**2 - 9*f + 124. What is a(9)?
-119
Let z(q) = q**3 - 21*q**2 - 8*q + 1. Calculate z(21).
-167
Let z(q) = 3*q**3 + 64*q**2 + 152*q + 2758. Calculate z(-21).
7
Let v(y) = 3*y**2 + 20*y - 70. What is v(-9)?
-7
Let k(g) = 27*g - 353. Give k(21).
214
Let a(n) = 14560*n - 43674. Determine a(3).
6
Let k(s) = -6*s + 54. Determine k(13).
-24
Let t(c) = 781*c + 5404. Give t(-7).
-63
Let i(w) = -w**3 - 32*w**2 - 95*w + 143. What is i(-29)?
375
Let u(t) = -6*t**2 + 33*t - 68. Calculate u(3).
-23
Let u(o) = -o**3 + 9*o**2 - 13*o - 21. Give u(11).
-406
Let j(f) = -2*f**2 - 2776*f + 140831. What is j(49)?
5
Let c(m) = -312*m - 312. Calculate c(-2).
312
Let l(s) = -2*s**2 - 13*s + 93068. Determine l(-219).
-7
Let g(d) = -123*d - 150. What is g(-1)?
-27
Let h(a) = -32*a - 3196. Calculate h(-100).
4
Let h(f) = -f**3 + 28*f**2 + 66*f - 192. What is h(30)?
-12
Let f(y) = 3*y**2 - 933*y + 5491. Give f(305).
1
Let c(y) = 66*y**2 - 2772*y + 9. Give c(42).
9
Let f(i) = -64*i**2 + 494*i + 19. Calculate f(8).
-125
Let m(h) = 3*h**2 - 121*h + 636. Give m(6).
18
Let d(y) = 3*y**2 + 47*y - 99. Determine d(2).
7
Let i(t) = -t**3 - 21*t**2 - 100*t - 8. What is i(-11)?
-118
Let f(j) = 4*j - 140. Calculate f(27).
-32
Let p(o) = 2*o**2 + 114*o - 113. Calculate p(1).
3
Let k(w) = 12*w**2 + 70*w + 88. Determine k(-4).
0
Let r(a) = 2*a**3 - 22*a**2 + 107*a + 7. Give r(7).
364
Let c(r) = 216*r - 72157. Determine c(334).
-13
Let x(t) = t**2 + 14*t + 102. Determine x(-16).
134
Let p(x) = 2*x**3 + 3*x**2 - 8*x - 21. Determine p(3).
36
Let n(x) = -14*x - 52. What is n(-7)?
46
Let j(c) = -8*c**2 + 23*c - 22. Calculate j(3).
-25
Let w(p) = 8*p + 246. What is w(-47)?
-130
Let t(h) = 25*h**2 - 582*h + 1637. Give t(20).
-3
Let j(g) = -g**3 - 71*g**2 + 263*g + 3031. Give j(-74).
-3
Let f(o) = 64*o + 448. Give f(-12).
-320
Let w(v) = -266*v**2 - v - 1. Give w(1).
-268
Let q(z) = 60*z + 1455. Give q(-24).
15
Let v(l) = -l**2 + 34*l + 163. What is v(38)?
11
Let p(g) = -2*g**2 + 11*g - 25. Calculate p(10).
-115
Let r(v) = -v**3 + 37*v**2 + 34*v + 123. Calculate r(38).
-29
Let q(j) = j**2 - 25*j - 141. Give q(-6).
45
Let c(q) = q**3 + 22*q**2 - 365*q - 57. What is c(-33)?
9
Let k(f) = 530*f + 9542. Calculate k(-18).
2
Let n(i) = -132*i**2 + 6*i + 6. Give n(-1).
-132
Let h(p) = -4*p**2 + 7*p + 3. Determine h(7).
-144
Let f(t) = 11*t**3 + 3*t**2 - t - 3. What is f(-1)?
-10
Let c(h) = 3*h**2 + 22*h - 68. What is c(-8)?
-52
Let f(x) = -2*x**3 + 10*x**2 - 7*x + 3. Give f(3).
18
Let h(y) = 4*y**2 + 4*y + 9. What is h(-3)?
33
Let n(v) = 2347*v - 7036. Determine n(3).
5
Let s(p) = p + 42. Calculate s(-26).
16
Let f(y) = 3*y**3 + 47*y**2 - 28*y + 696. Determine f(-17).
16
Let t(s) = 676*s - 167. Give t(0).
-167
Let q(g) = 78*g - 101. Give q(4).
211
Let j(p) = p**2 - 236*p + 706. Give j(3).
7
Let v(y) = y**3 + 3*y**2 + 7*y - 37. Give v(0).
-37
Let o(q) = 21*q - 29. Determine o(-2).
-71
Let u(i) = 7*i**3 + i**2 - 172*i - 2. Give u(5).
38
Let n(s) = -62*s + 3452. Give n(58).
-144
Let f(z) = 4*z + 246. Give f(-44).
70
Let b(a) = a**3 + 9*a**2 - 14*a - 133. Give b(-9).
-7
Let h(y) = 320*y**2 + 953*y - 6. Determine h(-3).
15
Let t(h) = 503*h + 68387. Determine t(-136).
-21
Let h(a) = -7*a**2 - 212*a - 95. Calculate h(-30).
-35
Let s(q) = 4*q**2 - 255*q + 3498. Determine s(20).
-2
Let m(l) = 107*l + 1497. Calculate m(-14).
-1
Let c(o) = o**3 - 33*o**2 - 69*o - 9. What is c(-2)?
-11
Let m(o) = -7*o**2 + 100*o + 8. What is m(12)?
200
Let m(f) = -f**3 + 13*f**2 + 57*f + 145. What is m(17)?
-42
Let c(b) = -11*b**2 + 92*b + 7. What is c(-5)?
-728
Let h(s) = s**3 + 4*s**2 - 92*s + 17. Calculate h(10).
497
Let z(i) = -i**3 + 65*i**2 + 837*i - 82. Determine z(76).
-6
Let k(x) = 264*x + 40. What is k(0)?
40
Let x(n) = n**2 - 29*n + 126. Give x(17).
-78
Let v(m) = 2*m**2 - 1298*m - 9162. Calculate v(-7).
22
Let o(y) = 7475*y**2 - 74749*y - 10. Calculate o(10).
0
Let g(j) = j**2 + 82*j + 1602. Give g(-41).
-79
Let x(c) = -6*c**3 + 72*c**2 + 80*c + 11. Calculate x(13).
37
Let s(p) = -p**3 + 17*p**2 + 62*p - 668. Give s(18).
124
Let s(x) = 264*x + 1589. What is s(-6)?
5
Let y(w) = w**3 - 6*w**2 + 540*w - 3829. Give y(7).
0
Let r(s) = s**2 + 46*s + 528. Give r(-24).
0
Let g(l) = 29*l + 1857. Determine g(-64).
1
Let l(w) = -43*w**3 + 3*w**2 + 65*w - 66. Calculate l(1).
-41
Let v(h) = 2*h**2 - 42*h + 79. Determine v(20).
39
Let o(t) = 583*t - 1691. What is o(3)?
58
Let i(m) = -16*m**2 + 73*m + 538. What is i(-7)?
-757
Let y(d) = 98*d**2 + 38*d + 38. Determine y(-1).
98
Let h(o) = 458*o - 1403. Determine h(3).
-29
Let b(h) = -h**3 - 28*h**2 - 23*h + 108. Give b(-27).
0
Let i(z) = -3*z**3 + 22*z**2 + 2*z - 55. Give i(8).
-167
Let b(x) = -2*x**3 - 76*x**2 - 77*x - 112. What is b(-37)?
-1
Let j(z) = z**3 - 3*z**2 - 7*z - 5. Determine j(5).
10
Let b(l) = -5*l**2 - 147*l - 1069. Give b(-8).
-213
Let n(y) = 3*y**3 - 43*y**2 - 41*y - 620. Determine n(16).
4
Let q(s) = s**3 + 6*s**2 + 504*s + 2493. Calculate q(-5).
-2
Let x(a) = 66*a - 80. Determine x(4).
184
Let v(a) = 10*a**2 + 95*a - 53. Determine v(-14).
577
Let a(h) = 880*h - 2612. Calculate a(3).
28
Let y(w) = 102*w**2 - 9*w + 18. Determine y(2).
408
Let g(q) = q**3 + 37*q**2 + 73*q + 39. Calculate g(-35).
-66
Let s(r) = -746*r + 4869. Calculate s(6).
393
Let u(s) = -2*s**3 + 23*s**2 - 2*s - 19. Calculate u(11).
80
Let f(m) = 21*m - 330. What is f(18)?
48
Let q(r) = -102*r + 302. Determine q(3).
-4
Let v(u) = -3*u**3 + 31*u**2 + 19*u - 12. Determine v(11).
-45
Let s(r) = -5*r**2 + 126*r + 41. Give s(24).
185
Let g(v) = 2*v**2 - 772*v - 171. Calculate g(0).
-171
Let r(q) = -3*q**3 - 11*q**2 + 11*q + 18. What is r(-3)?
-33
Let m(q) = -208*q + 6412. What is m(31)?
-36
Let t(g) = -5*g**2 - 84*g + 618. Calculate t(8).
-374
Let y(g) = -15*g - 710. Calculate y(-46).
-20
Let l(a) = a**2 + 60*a - 268. Calculate l(4).
-12
Let x(r) = -r**3 + 14*r**2 + r - 301. Calculate x(12).
-1
Let j(k) = 327*k + 2263. Calculate j(-7).
-26
Let c(y) = 136*y + 6578. Calculate c(-48).
50
Let p(s) = 11*s + 189. Give p(-20).
-31
Let x(g) = -15*g + 115. Determine x(6).
25
Let l(s) = -6*s**2 + 18*s + 67. What is l(-3)?
-41
Let j(w)